{"id":181,"date":"2021-11-09T20:04:25","date_gmt":"2021-11-09T20:04:25","guid":{"rendered":"https:\/\/backstrands.nu\/?page_id=181"},"modified":"2024-11-20T14:11:52","modified_gmt":"2024-11-20T14:11:52","slug":"hem","status":"publish","type":"page","link":"https:\/\/backstrands.nu\/?page_id=181","title":{"rendered":"Kontakt"},"content":{"rendered":"\n<div class=\"wp-block-media-text alignwide is-stacked-on-mobile\" style=\"grid-template-columns:17% auto\"><figure class=\"wp-block-media-text__media\"><img loading=\"lazy\" decoding=\"async\" width=\"576\" height=\"1024\" src=\"https:\/\/backstrands.nu\/wp-content\/uploads\/2023\/04\/20230202_130808-576x1024.jpg\" alt=\"\" class=\"wp-image-396 size-full\" srcset=\"https:\/\/backstrands.nu\/wp-content\/uploads\/2023\/04\/20230202_130808-576x1024.jpg 576w, https:\/\/backstrands.nu\/wp-content\/uploads\/2023\/04\/20230202_130808-169x300.jpg 169w, https:\/\/backstrands.nu\/wp-content\/uploads\/2023\/04\/20230202_130808-768x1366.jpg 768w, https:\/\/backstrands.nu\/wp-content\/uploads\/2023\/04\/20230202_130808-864x1536.jpg 864w, https:\/\/backstrands.nu\/wp-content\/uploads\/2023\/04\/20230202_130808-1151x2048.jpg 1151w, https:\/\/backstrands.nu\/wp-content\/uploads\/2023\/04\/20230202_130808-scaled.jpg 1439w\" sizes=\"auto, (max-width: 576px) 100vw, 576px\" \/><\/figure><div class=\"wp-block-media-text__content\">\n<p class=\"has-medium-font-size\">Anna B\u00e4ckstrand<\/p>\n\n\n\n<p class=\"has-medium-font-size\">Konvaljv\u00e4gen 16<\/p>\n\n\n\n<p class=\"has-medium-font-size\">475 37 Bohus-Bj\u00f6rk\u00f6<\/p>\n\n\n\n<p class=\"has-medium-font-size\">Telefon: <strong>0703-572267<\/strong><\/p>\n\n\n\n<p class=\"has-medium-font-size\">E-post: <strong>anna@backstrands.nu<\/strong><\/p>\n<\/div><\/div>\n\n\n<div class=\"wp-block-image\">\n<figure class=\"aligncenter size-full is-resized\"><a href=\"https:\/\/www.linkedin.com\/in\/anna-b%C3%A4ckstrand\/\"><img loading=\"lazy\" decoding=\"async\" width=\"954\" height=\"828\" src=\"https:\/\/backstrands.nu\/wp-content\/uploads\/2024\/11\/my_linkedin_qr_code.jpg\" alt=\"\" class=\"wp-image-502\" style=\"width:285px;height:auto\" srcset=\"https:\/\/backstrands.nu\/wp-content\/uploads\/2024\/11\/my_linkedin_qr_code.jpg 954w, https:\/\/backstrands.nu\/wp-content\/uploads\/2024\/11\/my_linkedin_qr_code-300x260.jpg 300w, https:\/\/backstrands.nu\/wp-content\/uploads\/2024\/11\/my_linkedin_qr_code-768x667.jpg 768w\" sizes=\"auto, (max-width: 954px) 100vw, 954px\" \/><\/a><\/figure><\/div>\n\n\n<p class=\"has-text-align-center\"><strong>Linkedin<\/strong><\/p>\n\n\n\n<p><\/p>\n","protected":false},"excerpt":{"rendered":"<p>Anna B\u00e4ckstrand Konvaljv\u00e4gen 16 475 37 Bohus-Bj\u00f6rk\u00f6 Telefon: 0703-572267 E-post: anna@backstrands.nu Linkedin<\/p>\n","protected":false},"author":1,"featured_media":0,"parent":0,"menu_order":0,"comment_status":"closed","ping_status":"closed","template":"","meta":{"footnotes":""},"class_list":["post-181","page","type-page","status-publish"],"_links":{"self":[{"href":"https:\/\/backstrands.nu\/index.php?rest_route=\/wp\/v2\/pages\/181","targetHints":{"allow":["GET"]}}],"collection":[{"href":"https:\/\/backstrands.nu\/index.php?rest_route=\/wp\/v2\/pages"}],"about":[{"href":"https:\/\/backstrands.nu\/index.php?rest_route=\/wp\/v2\/types\/page"}],"author":[{"embeddable":true,"href":"https:\/\/backstrands.nu\/index.php?rest_route=\/wp\/v2\/users\/1"}],"replies":[{"embeddable":true,"href":"https:\/\/backstrands.nu\/index.php?rest_route=%2Fwp%2Fv2%2Fcomments&post=181"}],"version-history":[{"count":24,"href":"https:\/\/backstrands.nu\/index.php?rest_route=\/wp\/v2\/pages\/181\/revisions"}],"predecessor-version":[{"id":509,"href":"https:\/\/backstrands.nu\/index.php?rest_route=\/wp\/v2\/pages\/181\/revisions\/509"}],"wp:attachment":[{"href":"https:\/\/backstrands.nu\/index.php?rest_route=%2Fwp%2Fv2%2Fmedia&parent=181"}],"curies":[{"name":"wp","href":"https:\/\/api.w.org\/{rel}","templated":true}]}}